 (-2)/q. Let y = o + -25. What is the remainder when y is divided by 11?
8
Suppose 3*n - 14 = n. Let b = 22 - 9. What is the remainder when b is divided by n?
6
Suppose 0 = 5*s - 3 - 17. Suppose -5*x - s*n = n - 75, x - 19 = -5*n. Calculate the remainder when 126/(-210)*45/(-1) is divided by x.
13
Suppose 0 = -4*u + 3*t + 60, -u + 0*t = -t - 16. Calculate the remainder when 46 is divided by u.
10
Let v(z) = z**2. Let w be v(-2). Suppose -4*m - 4*h + 36 + w = 0, -5*h - 28 = -m. Calculate the remainder when 35 is divided by m.
9
Let b(i) = i + 1. Calculate the remainder when 5 is divided by b(3).
1
Let b = 10 + 11. Calculate the remainder when b is divided by 11.
10
Let q(p) = 9*p**2 + 2*p - 3. Let g(m) = m**3 - m**2 - 2*m - 1. Calculate the remainder when g(3) is divided by q(-1).
3
Suppose x - 17 = -q, q - 2*x = -7*x + 37. What is the remainder when q is divided by 8?
4
Let u = -30 - -42. Suppose 15*g = u*g + 90. What is the remainder when g is divided by 16?
14
Let g = 11 + 1. Let b be (-3)/(-3) - 1 - -3. Suppose 77 = b*p + 5*m, p - m - 2 - 37 = 0. Calculate the remainder when p is divided by g.
10
Suppose -5*j + 187 = 3*h, -2*h = -j + h + 41. Let w = 0 - 0. Suppose 5*x + 0*f - 3*f - 112 = w, x + 3*f - 8 = 0. Calculate the remainder when j is divided by x.
18
Suppose 8*h = 3*h + 50. Calculate the remainder when 16 is divided by h.
6
Let b(r) = r**3 - 5*r**2 - 20*r - 18. What is the remainder when 109 is divided by b(8)?
11
Let u be 3*(-1)/(-1) - 2. Suppose 0 = -2*g - 11 + u, y - 2*g = 27. Suppose -2*m + 7 + 11 = 0. What is the remainder when y is divided by m?
8
Let o = -46 + 24. Calculate the remainder when (164/(-6))/(2/(-3)) is divided by -21*(3 + o/6).
13
Suppose -k = -0*k + i - 97, 5*k = -2*i + 485. Calculate the remainder when k is divided by 9.
7
Let c(r) = -r**3 + 6*r**2 - 3*r - 1. Let w be c(3). Let a = 35 - w. What is the remainder when a is divided by 10?
8
Let i be (-47)/(-9) - (-10)/(-45). Suppose -l + 2*s = -0*l - 1, i*s = 20. Calculate the remainder when 35 is divided by l.
8
Let v = -4 + 6. Let p be 3/(-15) + (-236)/(-5). Suppose r - v*r + p = w, -4*w - 3*r + 188 = 0. What is the remainder when w is divided by 16?
15
Let o be ((-40)/(-16))/((-2)/(-8)). Suppose o = r + r. What is the remainder when r is divided by 2?
1
Let q(m) = -4*m. Let o be q(2). Let f = -4 - o. Suppose 9*k - 4*d - 107 = 4*k, -f*d = 3*k - 77. What is the remainder when k is divided by 12?
11
Let v(n) = -n**3 + 4*n**2 - 4*n + 4. Suppose 2 = l + 6, -3*l - 3 = 3*c. What is the remainder when v(c) is divided by (7/7)/(1 - 0)?
0
Let d(h) = 2*h + 4. Calculate the remainder when 47 is divided by d(6).
15
Let o be (-6)/(-2) - -15 - 2. Let q = o - 3. Calculate the remainder when q is divided by 4.
1
Calculate the remainder when 5 is divided by 1*6 + (14 - 17).
2
Let n(o) = -24*o - 10. What is the remainder when n(-4) is divided by 22?
20
Let j(i) = -2*i + 5. Calculate the remainder when j(-7) is divided by 7.
5
Let y(w) = w**2 - 4*w + 2. Suppose a = 6 - 2. What is the remainder when 3 is divided by y(a)?
1
Let l be -2 - ((-5 - -3) + 14). What is the remainder when 4/l + (-783)/(-21) is divided by 13?
11
Let y be -1 - -34 - (2 + -2). Let d = y + -13. Calculate the remainder when 59 is divided by d.
19
Suppose 0 + 24 = -3*q. Calculate the remainder when 17 is divided by (-18)/8*q/3.
5
Let t be 3/((1 - -1)/(-2)). Calculate the remainder when 13 + 46 + t/(-1) is divided by 16.
14
Let i(r) = -8*r**2 + r + 7. Let l(f) = -23*f**2 + 3*f + 20. Let a(y) = 17*i(y) - 6*l(y). What is the remainder when a(3) is divided by 8?
6
Let a(w) = 24*w - 6. Let g be a(4). Suppose -4*p = 3*h - g, -3*h = p - h - 20. Suppose 2*x - 52 = -2*x. Calculate the remainder when p is divided by x.
11
Suppose -3*n + 7 + 2 = 0. Suppose n*h = q + 53 + 5, -2*q + 17 = h. What is the remainder when 56 is divided by h?
18
Let b = -5 - -7. Suppose b*x = x + 3. What is the remainder when 8 is divided by x?
2
Suppose 6*m + 4*b = m + 5, 3*b - 24 = 3*m. What is the remainder when 15 is divided by (-1)/m*(17 - -1)?
3
Suppose -2*q = 11 - 61. What is the remainder when 73 is divided by q?
23
Let n = -20 + 33. Let m = 16 + n. Suppose 0 = 4*k - 60 + 20. Calculate the remainder when m is divided by k.
9
Suppose 4*s + 4 + 8 = 0. Calculate the remainder when 19 is divided by -2 - 12/s - -9.
8
Calculate the remainder when 40*(-4 + (1 - -13)/2) is divided by 11.
10
Suppose 0 = -5*k + 4*b + 56 + 228, -2*b = -3*k + 172. What is the remainder when k is divided by 32?
28
Let z = -9 + 11. What is the remainder when 41 is divided by 4*(5 - 2) + z?
13
Suppose -2 + 5 = -3*i, 4*w + i - 167 = 0. Calculate the remainder when 123 is divided by w.
39
What is the remainder when (-999)/(-5) + (-12)/15 is divided by 51?
46
Let q = 51 + -77. Calculate the remainder when 50 is divided by -1*q/(-6)*-3.
11
Calculate the remainder when (0 + 15)*(-1 + 4) is divided by 12.
9
Suppose 208 = 10*q - 2*q. Let z = -12 + 21. Calculate the remainder when q is divided by z.
8
Let h(a) = a**2 + a. Let q = 5 + -6. Let c = q + -3. What is the remainder when 46 is divided by h(c)?
10
Let j(x) = -x + 3. Let l be j(5). What is the remainder when 46 is divided by l + 3 + 0 + 11?
10
Calculate the remainder when 27 is divided by (-4)/(-24) + 82/12.
6
Let k(z) = -z**3 - z**2 + 14. What is the remainder when k(0) is divided by 5?
4
Let n(m) = -7*m + 1. Calculate the remainder when 182/8 + 1/4 is divided by n(-1).
7
Suppose -2*r - d + 8 = d, -r - 3*d + 4 = 0. Suppose r*i + 24 = 80. What is the remainder when i is divided by 5?
4
Suppose 7 + 23 = 5*z. Suppose 3*g = -g + 108. Calculate the remainder when g is divided by z.
3
Suppose -5*g + 91 = 8*g. Calculate the remainder when 109 is divided by g.
4
Let s(o) = 2*o**3 + 2*o**2 + 2*o + 3. Calculate the remainder when s(3) is divided by 21.
18
Suppose 32*s + 87 = 35*s. What is the remainder when s is divided by 10?
9
Let p(g) = 23*g - 8. What is the remainder when p(5) is divided by 10?
7
Let z(b) = -b**2 + 10*b + 1. Suppose 0 = 4*u - 0*u - 48. Calculate the remainder when z(7) is divided by u.
10
Let f(g) = -2*g + 3. Let r = 115 - 77. Calculate the remainder when r is divided by f(-5).
12
Let q = 39 + -21. What is the remainder when 35 is divided by q?
17
Suppose -5*s - 15 = -2*s, 4*q - 3*s - 127 = 0. What is the remainder when q is divided by 15?
13
Let q(r) = 1. Let l(b) = b - 7. Let m be l(5). Let o(h) = h + 4. Let t(k) = m*o(k) + 2*q(k). Calculate the remainder when t(-5) is divided by 3.
1
Let b(q) = -q**3 - 15*q**2 + 14. Calculate the remainder when 68 is divided by b(-15).
12
Suppose 17 = 2*r - 19. Let s = 21 - r. What is the remainder when 3 is divided by s?
0
Calculate the remainder when 57/(-15) + 4 - 199/(-5) is divided by 11.
7
Suppose -5*m + 118 = -82. Suppose q + 3*q - m = 0. Let g(s) = s**3 + 7*s**2 - 3*s - 3. Calculate the remainder when g(-7) is divided by q.
8
Let u(d) = d**2 - 8*d + 9. What is the remainder when 25 is divided by u(8)?
7
Suppose -3*b - 27 = -t + 2*b, 5*t - 156 = 4*b. Calculate the remainder when t/48*(-342)/(-4) is divided by 30.
27
Let q = 11 - 3. Suppose -66 - 48 = 2*r. Let m = 80 + r. What is the remainder when m is divided by q?
7
Let z(u) = -u**2 - 12*u + 2. Let o be (-10)/25 + (-66)/10. Calculate the remainder when z(o) is divided by 13.
11
Let q(j) = j + 1. Let l be q(4). Suppose 0*x + 155 = l*x. Calculate the remainder when x is divided by (-46)/(-6) - 1/(-3).
7
Let c(m) = -7*m - 27. What is the remainder when 18 is divided by c(-5)?
2
Suppose 2*q - 12 = -q. Suppose 0 = 2*f - q - 0. Let j(h) = 5*h + 2. Calculate the remainder when 35 is divided by j(f).
11
Suppose -5*r + 62 + 8 = 0. Calculate the remainder when r is divided by 7.
0
Suppose 0 = 4*y - 21 - 47. Suppose -y = -3*s + 2*s. What is the remainder when 33 is divided by s?
16
Let j be (8/(-12))/((-2)/3). Calculate the remainder when 27 is divided by j/(3*(-2)/(-84)).
13
Suppose 415 = 5*z - 5. Let f = -47 + z. Calculate the remainder when f is divided by 19.
18
Let x = -22 - -91. What is the remainder when x is divided by (-64)/(-112)*(-98)/(-4)?
13
Suppose -p - p + 90 = 0. Calculate the remainder when p is divided by 12.
9
Calculate the remainder when 84 is divided by 28 - 7 - 8/2.
16
Let x = -18 + 8. Let v(n) = -n.